15?
11
Let p = -8 - -12. Suppose 0 = j - v - 6, 2*j + p*v + 5 + 1 = 0. Let t = 26 + j. Calculate the remainder when t is divided by 10.
9
Let c = 582 - -489. Calculate the remainder when c is divided by 29.
27
Let a(p) = -24*p - 283. Calculate the remainder when a(-19) is divided by 89.
84
Let w(y) = -10*y + 1. What is the remainder when w(-4) is divided by 54/(-4)*(29 + (-455)/15)?
5
Let u(j) = 16*j - 7*j**2 - 4*j**3 + 17*j**2 + j**3 + 2*j**3 + 29. Calculate the remainder when u(10) is divided by 24.
21
Let d(u) = -444*u - 2634. What is the remainder when d(-6) is divided by (-14)/(-4) - (-1)/2?
2
Let l(a) = -9*a - 1. Let r be l(-2). Let n = r - 9. Suppose n*w = 4*w + 168. Calculate the remainder when 123 is divided by w.
39
Let i = -2407 - -2422. What is the remainder when 56 is divided by i?
11
Let d = -4500 + 4554. What is the remainder when 212 is divided by d?
50
Suppose -5*f + 8 = -72. Let o = -21652 - -21775. Calculate the remainder when o is divided by f.
11
Let j(m) = m**2 + 12*m + 109. Suppose -5*f - 330 + 265 = 0. Calculate the remainder when j(f) is divided by (50/(-6))/(1/(-3)).
22
Let n(o) = 5*o - 1 - 2*o + 2*o. Let r = -27423 + 27479. Calculate the remainder when r is divided by n(6).
27
Let b = -4756 - -4860. Calculate the remainder when b is divided by 57.
47
Let u be (-14478)/(-14) - (-65)/(-455). Suppose 12*l + 10*l = u. What is the remainder when l is divided by 18?
11
Let x(t) = t**2 - 7*t + 14. Let i be x(9). Suppose -z = -12 - i. Suppose 46*p = z*p + 110. Calculate the remainder when p is divided by 14.
13
Let c(z) = 63*z**2 + 10*z + 37. Calculate the remainder when c(2) is divided by 107.
95
Let m(p) = -13*p + 18. Let c(f) = -13*f + 17. Let q(a) = 3*c(a) - 2*m(a). Let k be q(7). What is the remainder when 39 is divided by k/(-10) - (-24)/(-40)?
4
Calculate the remainder when (2 - 2097)*(-72)/90 is divided by 105.
101
Let d = -187 - -215. Let g(a) = -a**3 + 9*a**2 + 6*a - 10. Let h be g(10). Let p = 60 - h. What is the remainder when p is divided by d?
26
Let n = 130 - 84. Let z(y) be the third derivative of y**4/12 - 2*y**3/3 + 16*y**2. What is the remainder when n is divided by z(12)?
6
Suppose 80 = -5*b + 2435. Suppose -8*x = 143 - b. What is the remainder when 286 is divided by x?
40
Let y be (-4)/(-12)*(1 + 2). Suppose 0 = 4*s + 5*o - 23, y = -o - 0. Suppose 16*b - s*b = 774. What is the remainder when b is divided by 10?
6
Let g be (-1 - (0 + 22)) + (11 - 9). Let q be (-3 - -43) + 2/(-3)*-3. Calculate the remainder when 24/q - 870/g is divided by 17.
8
Suppose 0 = 9*d - 6*d. Suppose -5*p + 130 + 35 = d. Calculate the remainder when p is divided by (-6)/24 - ((-37)/4 - -2).
5
Let x = -158 + 161. Suppose 0 = -3*b + x*p + 45, -p + 3*p - 103 = -5*b. Calculate the remainder when b is divided by 6.
1
Let b(c) = 150*c - 274. Calculate the remainder when b(2) is divided by 3.
2
Suppose 6*o - 39 + 5 = 4*h, -4*o - 2*h + 18 = 0. Calculate the remainder when 298 is divided by o.
3
Suppose 2*x = -i - 0*x + 5, 2*i = x - 15. Calculate the remainder when 37 is divided by i/45 - 546/(-54).
7
Let f(s) = 2*s**2 + 34*s + 99. Let u be f(-14). What is the remainder when 751/4 - u/(-12) is divided by 24?
21
Calculate the remainder when 123 is divided by ((-5)/(-15))/(402/72 - 6)*-5.
3
Let q(h) be the third derivative of h**5/60 - 13*h**4/12 + 77*h**3/6 - 29*h**2. Calculate the remainder when q(24) is divided by 10.
9
Let f(h) be the second derivative of -3*h**5/4 + h**3/6 + h**2 + 3*h. Suppose -2*n - 6 = 4*n. What is the remainder when 63 is divided by f(n)?
15
Let v = -14232 - -14251. Let q be (-3)/6*-2*-11. Let d = 17 + q. Calculate the remainder when v is divided by d.
1
Let j = 4553 + -4190. What is the remainder when j is divided by 10?
3
Let s(f) = -31*f + 1 + 70*f - 40*f. Let u(t) = -73*t - 5. Let c(n) = -6*s(n) - u(n). What is the remainder when c(1) is divided by 27?
24
Let y = 288 + 53. Suppose 5*h = -5*c + 365, -c - y = -5*h + 48. Calculate the remainder when h is divided by 24.
5
Let k(u) = 1815*u**2 - 6*u + 3. Let w be k(1). Suppose -270 = -l + 5*i + 187, -4*i - w = -4*l. What is the remainder when l is divided by 35?
32
Suppose 13 = -739*q + 732*q + 545. What is the remainder when 319 is divided by q?
15
Suppose w - 18 = 4*y, 0*w - 2*w + 24 = -5*y. Let d be w*8765/90 + (-2)/(-9). What is the remainder when 28 is divided by d/(-52)*(-16)/6?
8
Suppose 9*z = 8*z + 41. Calculate the remainder when -3 - -3*51/(-1 + 4) is divided by z.
7
Let g(w) = -2*w + 8. Let k be g(-7). What is the remainder when (-2 + 2 - 1)/((-4)/124) is divided by (k/(-3))/((-6)/9)?
9
Let w(g) = g**3 + 6*g**2 - 3*g - 4. Let d be w(-6). Suppose -d = -5*a - 9, -3*p + 293 = -a. Calculate the remainder when p is divided by 29.
11
Suppose 328*z + 24860 = 365*z - 22685. Calculate the remainder when z is divided by 23.
20
What is the remainder when ((-168)/9)/(428/(-207687)) is divided by 171?
166
Suppose -3*f + 145 - 19 = 0. Let p be (-1)/(-5) + (77/(-35) - 5). Calculate the remainder when f is divided by (-96)/112 - 97/p.
3
Suppose -2*c = -4*c + 340. Let g = 18565 - 18543. Calculate the remainder when c is divided by g.
16
Suppose -2540 = -65*m + 61*m. Suppose -4*p + i + 828 = 0, -193 = -4*p + 3*i + m. What is the remainder when p is divided by 56?
39
Suppose 5*r = -5*c + 470, 4*c = 10*r - 7*r - 268. Calculate the remainder when 156 is divided by r.
64
Suppose -5*i - 4*l + 20 = 0, 2*i + l + 3 = 11. Let n = 19 + -17. What is the remainder when i is divided by n/9 + 25/9?
1
Let k(f) be the third derivative of -49*f**6/120 - f**5/12 - f**4/8 - f**3/3 - 109*f**2. What is the remainder when k(-1) is divided by 8?
5
Suppose -c = -45 - 3 - 33. What is the remainder when 236 is divided by c?
74
Let j(c) = -c**2 + 10*c + 5. Let l = -1774 - -1896. What is the remainder when l is divided by j(8)?
17
Let a = -10232 + 10268. What is the remainder when 2729 is divided by a?
29
Suppose 0 = 54*l - 48*l + 4344. Let y = l - -742. Calculate the remainder when 178 is divided by y.
16
Let r(x) = -x**3 - 34*x**2 + 72*x + 104. Suppose -7*a - 137 + 739 = 0. Suppose 3*q + 32 = a. What is the remainder when r(-36) is divided by q?
14
Let t = -38933 - -39068. Suppose 0 = 3*s + 2*s - 350. Calculate the remainder when t is divided by s.
65
What is the remainder when 1 + 83 + (2/(-6))/((-17)/(-306)) is divided by 22?
12
Suppose y + 1 = -1, 2*y - 891 = -5*a. Suppose -6*t + 79 = -a. What is the remainder when t is divided by 16?
11
Let a = -19 + 44. Let x(s) = 5*s**2 - 5*s - 7. Calculate the remainder when x(-3) is divided by ((-10)/a)/(8/(-120)).
5
Let w(m) = -2*m**2 + 136*m - 1917. Calculate the remainder when 4781 is divided by w(47).
50
Suppose -b + 23 = p + 3*b, 0 = 2*b - 4. Suppose 67*y - 46*y - 1155 = 0. What is the remainder when y is divided by p?
10
Calculate the remainder when -552*(1 + -4)/((-7)/(196/(-126))) is divided by 84.
32
Let r(t) = 16*t**2 + 3*t - 1. Let d be r(-1). Calculate the remainder when 3 - (-535)/(-10)*d/(-2) is divided by 25.
24
Let d = -475 - -811. Let o = 382 - d. What is the remainder when 124 is divided by o?
32
Suppose 13*q + 1499 = 3487 + 2003. What is the remainder when q is divided by 15?
7
Suppose 0*q + 153 = 3*q. Let h = q + -1. Let n = 53 - 36. Calculate the remainder when h is divided by n.
16
Let w = -342 + 371. Let o = -100 + 181. Calculate the remainder when o is divided by w.
23
Suppose -11*r + 11 = 2*v - 10*r, 5*v + 4*r - 23 = 0. Let j = -5 - -10. Suppose -j*p + 4*p + 38 = 0. What is the remainder when p is divided by v?
3
Let h = 5393 + -5286. Calculate the remainder when h is divided by 10.
7
Let o = -11 + 58. Let s(b) = -o - b + 54 - 6*b. What is the remainder when 83 is divided by s(-1)?
13
Suppose -4*l - 55 = -67. Suppose -o + 2*b - 4*b + 33 = 0, -o + l*b = -38. What is the remainder when (6/8)/(3/276) is divided by o?
34
Suppose 3*s - 32 = -5*s. Suppose 0 = -s*y + 124 + 196. Let r = y + -16. Calculate the remainder when r is divided by 22.
20
Let u = 633 + -373. Suppose 0*h - 2*h = -u. Suppose -11*q = -9*q - h. What is the remainder when q is divided by 33?
32
Let l = -4 - -21. Suppose -2*q = -5*c + 683, 2*q - 1072 = 1477*c - 1485*c. What is the remainder when c is divided by l?
16
Let y(j) = -818*j - 988*j + 134*j - 2 - 1. Let q be 